der when 216068 is divided by 31?
29
What is the remainder when 5768 is divided by 251?
246
Calculate the remainder when 15760 is divided by 166.
156
What is the remainder when 16723 is divided by 104?
83
What is the remainder when 7402 is divided by 86?
6
Calculate the remainder when 1503 is divided by 121.
51
Calculate the remainder when 19834 is divided by 91.
87
What is the remainder when 253760 is divided by 36?
32
What is the remainder when 10277 is divided by 112?
85
Calculate the remainder when 200632 is divided by 11.
3
Calculate the remainder when 472 is divided by 333.
139
What is the remainder when 678 is divided by 288?
102
What is the remainder when 105817 is divided by 85?
77
Calculate the remainder when 44856 is divided by 166.
36
What is the remainder when 353749 is divided by 13?
6
Calculate the remainder when 222477 is divided by 20.
17
What is the remainder when 90456 is divided by 15071?
30
Calculate the remainder when 159270 is divided by 1069.
1058
Calculate the remainder when 41247 is divided by 1525.
72
Calculate the remainder when 30876 is divided by 10289.
9
What is the remainder when 382907 is divided by 6?
5
What is the remainder when 2744 is divided by 64?
56
What is the remainder when 1169 is divided by 314?
227
Calculate the remainder when 15725 is divided by 321.
317
What is the remainder when 35520 is divided by 71?
20
Calculate the remainder when 640769 is divided by 53.
52
Calculate the remainder when 264981 is divided by 1086.
1083
What is the remainder when 4151 is divided by 153?
20
What is the remainder when 7618 is divided by 7610?
8
Calculate the remainder when 4175 is divided by 861.
731
Calculate the remainder when 34648 is divided by 7.
5
Calculate the remainder when 738814 is divided by 74.
72
Calculate the remainder when 7630 is divided by 2396.
442
What is the remainder when 7843 is divided by 24?
19
What is the remainder when 2509996 is divided by 117?
112
Calculate the remainder when 1856 is divided by 66.
8
Calculate the remainder when 68401 is divided by 144.
1
What is the remainder when 2614 is divided by 259?
24
Calculate the remainder when 1028 is divided by 666.
362
What is the remainder when 8414 is divided by 598?
42
Calculate the remainder when 3797 is divided by 922.
109
Calculate the remainder when 147011 is divided by 99.
95
What is the remainder when 3285358 is divided by 811?
808
What is the remainder when 433762 is divided by 61964?
14
Calculate the remainder when 2852 is divided by 228.
116
Calculate the remainder when 32936 is divided by 57.
47
Calculate the remainder when 926498 is divided by 163.
6
What is the remainder when 8277 is divided by 2754?
15
What is the remainder when 57111 is divided by 13?
2
What is the remainder when 10473 is divided by 302?
205
Calculate the remainder when 47873 is divided by 158.
157
Calculate the remainder when 4737 is divided by 293.
49
Calculate the remainder when 5658 is divided by 2811.
36
Calculate the remainder when 5180 is divided by 80.
60
Calculate the remainder when 11337 is divided by 17.
15
What is the remainder when 1532 is divided by 1461?
71
What is the remainder when 4724 is divided by 4709?
15
What is the remainder when 6770 is divided by 1?
0
What is the remainder when 12221 is divided by 278?
267
What is the remainder when 26261 is divided by 26220?
41
What is the remainder when 1942 is divided by 17?
4
Calculate the remainder when 12784 is divided by 531.
40
What is the remainder when 6655 is divided by 247?
233
Calculate the remainder when 617589 is divided by 77197.
13
What is the remainder when 35333 is divided by 1616?
1397
Calculate the remainder when 1789 is divided by 53.
40
Calculate the remainder when 1133 is divided by 41.
26
What is the remainder when 13021 is divided by 142?
99
What is the remainder when 17807 is divided by 8726?
355
What is the remainder when 1006 is divided by 404?
198
What is the remainder when 13545 is divided by 423?
9
Calculate the remainder when 403429 is divided by 22.
15
What is the remainder when 1152 is divided by 361?
69
Calculate the remainder when 48869 is divided by 2036.
5
Calculate the remainder when 997399 is divided by 20355.
4
Calculate the remainder when 653 is divided by 317.
19
What is the remainder when 1178 is divided by 178?
110
What is the remainder when 1127 is divided by 377?
373
What is the remainder when 27999 is divided by 6960?
159
What is the remainder when 10073 is divided by 1812?
1013
Calculate the remainder when 8535 is divided by 8529.
6
Calculate the remainder when 21823 is divided by 176.
175
What is the remainder when 7741 is divided by 27?
19
Calculate the remainder when 6234 is divided by 244.
134
What is the remainder when 61935 is divided by 305?
20
Calculate the remainder when 60540 is divided by 34.
20
Calculate the remainder when 33471 is divided by 11157.
0
What is the remainder when 3051 is divided by 71?
69
What is the remainder when 14178 is divided by 297?
219
What is the remainder when 329 is divided by 25?
4
What is the remainder when 5895 is divided by 24?
15
What is the remainder when 107065 is divided by 53507?
51
Calculate the remainder when 98810 is divided by 183.
173
Calculate the remainder when 33524 is divided by 51.
17
What is the remainder when 894 is divided by 143?
36
Calculate the remainder when 488 is divided by 469.
19
Calculate the remainder when 188598 is divided by 94282.
34
Calculate the remainder when 1494497 is divided by 1174.
1169
Calculate the remainder when 5112 is divided by 33.
30
Calculate the remainder when 293 is divided by 93.
14
Calculate the remainder when 3809 is divided by 211.
11
What is the remainder when 133660 is divided by 73?
70
What is the remainder when 926636 is divided by 324?
320
Calculate the remainder when 20975 is divided by 138.
137
What is the remainder when 683 is divided by 253?
177
Calculate the remainder when 57551 is divided by 22.
21
What is the remainder when 722 is divided by 16?
2
What is the remainder when 21340 is divided by 445?
425
What is the remainder when 5484 is divided by 18?
12
What is the remainder when 1398 is divided by 538?
322
Calculate the remainder when 133285 is divided by 259.
159
What is the remainder when 17849 is divided by 2958?
101
Calculate the remainder when 44342 is divided by 985.
17
Calculate the remainder when 149281 is divided by 328.
41
What is the remainder when 1466719 is divided by 10?
9
What is the remainder when 6451 is divided by 1217?
366
Calculate the remainder when 126071 is divided by 42013.
32
Calculate the remainder when 3649 is divided by 203.
198
Calculate the remainder when 7241 is divided by 255.
101
What is the remainder when 13845 is divided by 294?
27
Calculate the remainder when 38566 is divided by 65.
21
Calculate the remainder when 14998 is divided by 650.
48
What is the remainder when 3136 is divided by 68?
8
What is the remainder when 4223 is divided by 857?
795
What is the remainder when 85677 is divided by 204?
201
What is the remainder when 24053 is divided by 6005?
33
Calculate the remainder when 49361 is divided by 17.
10
What is the remainder when 506195 is divided by 18078?
11
What is the remainder when 186566 is divided by 69?
59
What is the remainder when 36470 is divided by 18232?
6
Calculate the remainder when 47278 is divided by 849.
583
What is the remainder when 803 is divided by 4?
3
What is the remainder when 56045 is divided by 728?
717
Calculate the remainder when 6054 is divided by 16.
6
What is the remainder when 47872 is divided by 3?
1
Calculate the remainder when 1609 is divided by 336.
265
What is the remainder when 848944 is divided by 51?
49
Calculate the remainder when 102285 is divided by 133.
8
What is the remainder when 11402422 is divided by 297?
295
Calculate the remainder when 55776 is divided by 560.
336
What is the remainder when 78560 is divided by 251?
248
Calculate the remainder when 85549 is divided by 155.
144
What is the remainder when 5876334 is divided by 79?
77
What is the remainder when 75330 is divided by 1046?
18
Calculate the remainder when 33392 is divided by 121.
117
Calculate the remainder when 2236 is divided by 592.
460
Calculate the remainder when 14261 is divided by